hat are the prime factors of m?
17, 947
Let a(l) be the first derivative of 4*l**3/3 + 3*l**2 - 2*l - 29. List the prime factors of a(-5).
2, 17
Let i = 16847 - -10156. What are the prime factors of i?
3, 9001
Suppose 9*r - 65730 = -v, 2*v - 3*r + 29799 = 161112. What are the prime factors of v?
3, 7, 53, 59
Suppose 9*l + 8 = 13*l. Suppose -4*u = -4*y - 12, -6 = 4*u + 3*y + l*y. Let k(d) = 26*d + 4. What are the prime factors of k(u)?
2, 3, 5
What are the prime factors of (1188 - 2)/(24/63 - (-32)/112)?
3, 593
Suppose 0 = 5*b - 15*o + 18*o + 3, o - 4 = 0. What are the prime factors of b/(-4) - (-16005)/20?
3, 89
Let t = 53937 + -36117. List the prime factors of t.
2, 3, 5, 11
Let p = -201 - -204. Suppose 8*c - p*c - 10 = 0. List the prime factors of c.
2
Suppose -5*d + 5*y + 35 = 0, 8*d + y = 7*d + 3. What are the prime factors of 1*d/(-15)*-885?
5, 59
Let b(q) = -3*q - 28. Let k be b(8). Let w = -26 + k. Let z = 157 + w. List the prime factors of z.
79
Let i(b) = 2504*b**2 - 297*b + 54. List the prime factors of i(-5).
31, 2069
Let t(r) = -r**3 - 7*r**2 + r + 13. Let k be t(-7). Let q be k/21 - ((-5620)/28 + -1). Let c = 288 - q. What are the prime factors of c?
2, 43
List the prime factors of (-505191)/(-17) - -3 - 130/1105.
2, 5, 743
Let n = -197 + 201. Suppose 5*h + 1868 = n*a, h + 1403 = 5*a - 953. List the prime factors of a.
2, 59
Suppose -v + 4*v = 17*v. Suppose -w + 111 + 897 = v. Suppose -w = -11*r + 2*r. What are the prime factors of r?
2, 7
Suppose -k + 1826 = 4*m, 3*m - 5*k = -0*m + 1358. Suppose -2*r = -5*t - m, 2*t - 5*r = -185 + 11. Let l = t - -209. List the prime factors of l.
3, 13
Let w(g) = 37*g**2 + 26*g - 2. What are the prime factors of w(2)?
2, 3, 11
Let r = 458 - 116. Suppose j = 9 + 2. Suppose 8*q - 485 = -4*f + j*q, 3*f - r = -5*q. What are the prime factors of f?
7, 17
Let a be (-5)/20*(3 - 3). Let r be 1*(-17)/(a + 4/8). Let t = r - -106. What are the prime factors of t?
2, 3
Let b = -69 + 74. Suppose 0 = 5*f - b*r - 1735, -3*f + 178 = -4*r - 866. What are the prime factors of f?
2, 43
Suppose 16 = h - 3*m + 7*m, -5*m + 31 = 4*h. Suppose -5*a + 8248 = -h*v + 2690, -3*v + 2237 = 2*a. List the prime factors of a.
2, 557
Let b(a) = -3 - 5*a + a + 148*a**2 - 139*a**2. Let k be b(4). Let m = k - -51. List the prime factors of m.
2, 11
List the prime factors of -6 + (-48660)/(-28) - (-30)/(-35).
3, 577
Let h = 140446 - 89971. What are the prime factors of h?
3, 5, 673
Let i = -5406 + 7792. List the prime factors of i.
2, 1193
Let t(x) = -600*x - 104. Let z be t(-17). Suppose -157*o + z = -149*o. What are the prime factors of o?
2, 631
Suppose -14*t - 4 = 24. Let r be (-2 + 1 - t/4)*-96. Suppose 77 = 4*b - a - r, 0 = 2*a - 6. List the prime factors of b.
2
Suppose 3*w = -3*s + 30771, 0 = -w - 5*s + 2469 + 7780. What are the prime factors of w?
10259
Suppose 3 = -7*g - 18. Let p be 4 + (2043/g)/(-3). Let f = p + -163. What are the prime factors of f?
2, 17
Let r = 56670 - 5357. What are the prime factors of r?
23, 97
Let n = -411 + 433. Let j = -60 - -125. Let y = j - n. List the prime factors of y.
43
List the prime factors of 4 + -3 + 5553 - (-315)/45.
67, 83
Let c(t) = 2*t**3 - 4*t**2 + 4*t - 3. Let h be c(2). Suppose h*i - 2*f = -630, -5*i - 620 = -5*f + f. List the prime factors of (62/(-8) + 4)/(6/i).
2, 5
Let b(j) = -j**2 - 3*j + 28. Let o be b(-7). Suppose 0*n - 5*s + 835 = 5*n, o = -n + 3*s + 179. Let m = n - 77. List the prime factors of m.
3, 31
Let g = 6703 - 3005. What are the prime factors of g?
2, 43
Let j(w) = 71*w**3 + 11*w**2 - 17*w + 144. List the prime factors of j(6).
2, 3, 11, 239
Let z(a) = -2*a**3 - 36*a**2 - 12*a - 16. Suppose -15*r = -0*r + 270. List the prime factors of z(r).
2, 5
Suppose 2*p - j - 6273 = 0, 42*p - 43*p - 4*j = -3132. What are the prime factors of p?
2, 7
Suppose q - 52 = -55, 0 = 3*j + 5*q + 15. Suppose j = -k + 5*y + 388 + 1010, 2*y = -k + 1398. List the prime factors of k.
2, 3, 233
Suppose -3*k + 29979 = 90*l - 88*l, 59970 = 4*l + 2*k. What are the prime factors of l?
2, 3, 7, 17
Let c be ((-55)/(-10) - 3)/((-1)/22). Let i = c - -1307. List the prime factors of i.
2, 313
Let q be ((-45)/(-20))/(1 + (-29)/32). Suppose 13*v = 17*v - q. Suppose 1151 + 43 = v*k. What are the prime factors of k?
199
Let s(x) = -12*x**2 - 3*x + 2. Let g(l) = 11*l**2 + 3*l - 2. Let u(t) = -7*g(t) - 6*s(t). Let w be u(3). What are the prime factors of w/(-91) - 1294/(-14)?
3, 31
Let w(j) = 36*j**2 - 4*j - 6. Let o(a) = a**3 + 5*a**2 - 3*a - 11. Let l be o(-2). What are the prime factors of w(l)?
2, 5, 173
Let x(b) = -7*b - 235. Let z be x(-34). Suppose -3*p + 3575 = j + 851, z*j = p - 918. What are the prime factors of p?
3, 101
Let q(d) = 155*d**2 + 5*d + 20. Let k be q(-3). Suppose -10*a + 120 + k = 0. List the prime factors of a.
2, 19
Let p(j) = j**3 + 6*j**2 - 11*j - 7. Let w = -37 + 30. Let s be p(w). What are the prime factors of (54/s)/(6/56)?
2, 3
Suppose i = 2*x - 544, -x - 1632 = 3*i - 2*x. Let a = i + 763. List the prime factors of a.
3, 73
Let c = 588 - 569. Let p(g) = -g**2 + 72*g + 44. List the prime factors of p(c).
1051
Let x(s) = 5*s**2 + s. Suppose -4*l + 8 = 0, r = 6*r + 2*l - 9. Let k be x(r). Suppose 74 = 4*d - y, -k*d + d - 3*y + 84 = 0. List the prime factors of d.
2, 3
Suppose -5*x + 41653 = -5*s + 8353, 5*s + 10 = 0. What are the prime factors of x?
2, 3329
Let b = -226 - -231. Suppose -2*t = 6*y - 3*y - 546, 4*y - b*t - 728 = 0. List the prime factors of y.
2, 7, 13
Suppose 3*g - 222 = -210. Suppose 2544 = 5*o - g*k, -2*o + 3*k - 2060 = -6*o. List the prime factors of o.
2
Suppose 3*i + 2*w = 13082, -4*w - 2799 = -i + 1571. List the prime factors of i.
2, 3, 727
Let t = -38 - -30. Let b(g) = -g**2 - 9*g - 9. Let x be b(t). What are the prime factors of 5760/99 - 2*x/(-11)?
2, 29
Let b be (43 - 1545)/((-2)/4). What are the prime factors of (b + -48)*2/8?
739
Let v = 3103 + -877. List the prime factors of v.
2, 3, 7, 53
Let d be (-5)/(-30) + 51/18. Suppose 0 = -2*j, -j = d*y - 1461 - 2238. List the prime factors of y.
3, 137
Let p = -326 + 606. Let n be 7/(p/128) - 1/5. List the prime factors of (3/2)/((-3)/(-1098)*n).
3, 61
What are the prime factors of (-1)/(-5) - 368148/(-60)?
2, 13, 59
Suppose -62*w + 178*w = 742284. What are the prime factors of w?
3, 79
Suppose -4*s + 19 = 5*l, 0 = -s - 0*l - 2*l + 1. Let i be (s/(220/(-16)))/((-1)/(-5)). Let h = 62 + i. List the prime factors of h.
2, 29
Let f(i) = -i**3 - 11*i**2 - 7*i - 20. Suppose 0 = c - 7*c + 30. Suppose 2*g - 15 = o - 4, -11 = o + c*g. List the prime factors of f(o).
3, 19
Suppose z - 55905 = -3*g - 18414, -2*g = -2*z + 74990. List the prime factors of z.
2, 3, 2083
Let u = 873 - 2085. Let z = u + 1823. What are the prime factors of z?
13, 47
Let p(a) = -1147*a + 3. Let l be p(-1). Let x = -796 + l. List the prime factors of x.
2, 3, 59
Suppose 0 = 12*w - 3097 - 54971. List the prime factors of w.
3, 1613
Suppose 13*p + 2853 = 10445. Suppose 361 + p = 7*n. Suppose -n*t = -133*t - 444. List the prime factors of t.
2, 3, 37
List the prime factors of (8*1 - (-11895)/78)*2.
3, 107
Let q(j) = j**3 + 2*j**2 - 6*j. Let b be q(-3). Let g = -4 + 6. Suppose b*c = -g*c + 385. What are the prime factors of c?
5, 7
Let m be 6/14 + ((-972)/(-42))/2. Suppose -7*p + m*p = 560. Suppose 3*i - 44 = p. List the prime factors of i.
2, 13
Let l = -12039 - -18769. What are the prime factors of l?
2, 5, 673
Let b = -66145 - -110311. What are the prime factors of b?
2, 3, 17, 433
Let o = 19198 - 11027. What are the prime factors of o?
8171
Suppose 18*j = 28*j - 9360. Suppose -j = 510*l - 512*l. List the prime factors of l.
2, 3, 13
Let r(f) = -2*f**3 - 22*f**2 - 19*f + 18. Let n be r(-10). List the prime factors of 6060/n - 1/2.
757
Suppose 5 = -5*l, 14945 = 204*j - 200*j - 5*l. List the prime factors of j.
3, 5, 83
Let h = 14921 - 1335. What are the prime factors of h?
2, 6793
Let s = 8053 + 1960. What are the prime factors of s?
17, 19, 31
Suppose -69*n = -176749 - 529375 - 165829. What are the prime factors of n?
12637
Let a(z) = -8363*z - 165. What are the prime factors of a(-4)?
33287
Let p(j) = -415*j + 16. Let n be p(-1). Let r = n + -157. List the prime factors of r.
2, 137
List the prime factors of (313 - -1)*(1/(-2))/((-9